{"id":82579,"date":"2026-04-28T10:53:35","date_gmt":"2026-04-28T08:53:35","guid":{"rendered":"https:\/\/nubedian.de\/?post_type=tribe_events&#038;p=82579"},"modified":"2026-04-28T11:40:37","modified_gmt":"2026-04-28T09:40:37","slug":"carecm-webinar-gesundheitskompass","status":"publish","type":"tribe_events","link":"https:\/\/nubedian.de\/en\/event\/carecm-webinar-gesundheitskompass\/","title":{"rendered":"CareCM Webinar Gesundheitskompass"},"content":{"rendered":"<p style=\"font-weight: 400;\">Die Suche nach dem richtigen Versorgungsangebot, von der passenden Beratungsstelle bis zum Facharzt oder hin zu Pr\u00e4ventionskursen ist oft m\u00fchsam und un\u00fcbersichtlich. Um den Zugang f\u00fcr Ihre B\u00fcrgerinnen und B\u00fcrger zu entsprechenden Angeboten in Ihrer Kommune zu vereinfachen, stellen wir Ihnen heute ein neues, digitales Werkzeug, den GesundheitsKompass by nubedian GmbH vor.<\/p>\n<p style=\"font-weight: 400;\">Dieses Tool erm\u00f6glicht es den B\u00fcrgerinnen und B\u00fcrgern von Ihrer eigenen Homepage aus \u00fcber einen personalisierten Link, eigenst\u00e4ndig, schnell und gezielt genau das Angebot zu finden, welches in der aktuellen Lebenssituation ben\u00f6tigt wird.<\/p>\n<p style=\"font-weight: 400;\">Wir laden Sie herzlich ein, die Funktionalit\u00e4t und den Nutzen in unserem heutigen Webinar kennenzulernen.<\/p>\n<p style=\"font-weight: 400;\">Dauer: ca. 30 Minuten<\/p>\n<p><a style=\"text-decoration: none;\" href=\"https:\/\/us06web.zoom.us\/meeting\/register\/IfxOUBKPTEGBZhRa66EAsQ#\/registration\" target=\"_blank\" rel=\"noopener noreferrer\"><button style=\"background-color: #ff7500; border-radius: 30px; font-size: 15px; color: #ffffff; border: 0px; padding: 12px 49px; cursor: pointer;\"><strong>ZUM CARECM WEBINAR ANMELDEN<\/strong><\/button><\/a><\/p>\n<p>Bei R\u00fcckfragen wenden Sie sich gerne an Herrn Stahl per E-Mail unter <a href=\"mailto:ringhoffer@nubedian.de\">stahl@nubedian.de<\/a>.<\/p>","protected":false},"excerpt":{"rendered":"<p>Die Suche nach dem richtigen Versorgungsangebot, von der passenden Beratungsstelle bis zum Facharzt oder hin zu Pr\u00e4ventionskursen ist oft m\u00fchsam und un\u00fcbersichtlich. Um den Zugang f\u00fcr Ihre B\u00fcrgerinnen und B\u00fcrger zu entsprechenden Angeboten in Ihrer Kommune zu vereinfachen, stellen wir Ihnen heute ein neues, digitales Werkzeug, den GesundheitsKompass by nubedian  [&#8230;]<\/p>\n","protected":false},"author":12,"featured_media":72911,"template":"","meta":{"_tribe_events_status":"","_tribe_events_status_reason":"","footnotes":""},"tags":[],"tribe_events_cat":[],"class_list":["post-82579","tribe_events","type-tribe_events","status-publish","has-post-thumbnail","hentry"],"yoast_head":"<!-- This site is optimized with the Yoast SEO plugin v27.4 - https:\/\/yoast.com\/product\/yoast-seo-wordpress\/ -->\n<title>CareCM Webinar Gesundheitskompass - nubedian GmbH<\/title>\n<meta name=\"robots\" content=\"noindex, nofollow\" \/>\n<meta property=\"og:locale\" content=\"en_US\" \/>\n<meta property=\"og:type\" content=\"article\" \/>\n<meta property=\"og:title\" content=\"CareCM Webinar Gesundheitskompass - nubedian GmbH\" \/>\n<meta property=\"og:description\" content=\"Die Suche nach dem richtigen Versorgungsangebot, von der passenden Beratungsstelle bis zum Facharzt oder hin zu Pr\u00e4ventionskursen ist oft m\u00fchsam und un\u00fcbersichtlich. Um den Zugang f\u00fcr Ihre B\u00fcrgerinnen und B\u00fcrger zu entsprechenden Angeboten in Ihrer Kommune zu vereinfachen, stellen wir Ihnen heute ein neues, digitales Werkzeug, den GesundheitsKompass by nubedian [...]\" \/>\n<meta property=\"og:url\" content=\"https:\/\/nubedian.de\/en\/event\/carecm-webinar-gesundheitskompass\/\" \/>\n<meta property=\"og:site_name\" content=\"nubedian GmbH\" \/>\n<meta property=\"article:publisher\" content=\"https:\/\/www.facebook.com\/nubedian\" \/>\n<meta property=\"article:modified_time\" content=\"2026-04-28T09:40:37+00:00\" \/>\n<meta property=\"og:image\" content=\"https:\/\/nubedian.de\/wp-content\/uploads\/2024\/11\/web_webinar_CareCM-1.png\" \/>\n\t<meta property=\"og:image:width\" content=\"1200\" \/>\n\t<meta property=\"og:image:height\" content=\"630\" \/>\n\t<meta property=\"og:image:type\" content=\"image\/png\" \/>\n<meta name=\"twitter:card\" content=\"summary_large_image\" \/>\n<meta name=\"twitter:label1\" content=\"Est. reading time\" \/>\n\t<meta name=\"twitter:data1\" content=\"1 minute\" \/>\n<script type=\"application\/ld+json\" class=\"yoast-schema-graph\">{\"@context\":\"https:\\\/\\\/schema.org\",\"@graph\":[{\"@type\":\"WebPage\",\"@id\":\"https:\\\/\\\/nubedian.de\\\/en\\\/event\\\/carecm-webinar-gesundheitskompass\\\/\",\"url\":\"https:\\\/\\\/nubedian.de\\\/en\\\/event\\\/carecm-webinar-gesundheitskompass\\\/\",\"name\":\"CareCM Webinar Gesundheitskompass - nubedian GmbH\",\"isPartOf\":{\"@id\":\"https:\\\/\\\/nubedian.de\\\/en\\\/#website\"},\"primaryImageOfPage\":{\"@id\":\"https:\\\/\\\/nubedian.de\\\/en\\\/event\\\/carecm-webinar-gesundheitskompass\\\/#primaryimage\"},\"image\":{\"@id\":\"https:\\\/\\\/nubedian.de\\\/en\\\/event\\\/carecm-webinar-gesundheitskompass\\\/#primaryimage\"},\"thumbnailUrl\":\"https:\\\/\\\/nubedian.de\\\/wp-content\\\/uploads\\\/2024\\\/11\\\/web_webinar_CareCM-1.png\",\"datePublished\":\"2026-04-28T08:53:35+00:00\",\"dateModified\":\"2026-04-28T09:40:37+00:00\",\"breadcrumb\":{\"@id\":\"https:\\\/\\\/nubedian.de\\\/en\\\/event\\\/carecm-webinar-gesundheitskompass\\\/#breadcrumb\"},\"inLanguage\":\"en-US\",\"potentialAction\":[{\"@type\":\"ReadAction\",\"target\":[\"https:\\\/\\\/nubedian.de\\\/en\\\/event\\\/carecm-webinar-gesundheitskompass\\\/\"]}]},{\"@type\":\"ImageObject\",\"inLanguage\":\"en-US\",\"@id\":\"https:\\\/\\\/nubedian.de\\\/en\\\/event\\\/carecm-webinar-gesundheitskompass\\\/#primaryimage\",\"url\":\"https:\\\/\\\/nubedian.de\\\/wp-content\\\/uploads\\\/2024\\\/11\\\/web_webinar_CareCM-1.png\",\"contentUrl\":\"https:\\\/\\\/nubedian.de\\\/wp-content\\\/uploads\\\/2024\\\/11\\\/web_webinar_CareCM-1.png\",\"width\":1200,\"height\":630},{\"@type\":\"BreadcrumbList\",\"@id\":\"https:\\\/\\\/nubedian.de\\\/en\\\/event\\\/carecm-webinar-gesundheitskompass\\\/#breadcrumb\",\"itemListElement\":[{\"@type\":\"ListItem\",\"position\":1,\"name\":\"Home\",\"item\":\"https:\\\/\\\/nubedian.de\\\/en\\\/\"},{\"@type\":\"ListItem\",\"position\":2,\"name\":\"Veranstaltungen\",\"item\":\"https:\\\/\\\/nubedian.de\\\/events\\\/\"},{\"@type\":\"ListItem\",\"position\":3,\"name\":\"CareCM Webinar Gesundheitskompass\"}]},{\"@type\":\"WebSite\",\"@id\":\"https:\\\/\\\/nubedian.de\\\/en\\\/#website\",\"url\":\"https:\\\/\\\/nubedian.de\\\/en\\\/\",\"name\":\"nubedian GmbH\",\"description\":\"Ihr Softwarepartner f\u00fcr das Sozial- &amp; Gesundheitswesen\",\"potentialAction\":[{\"@type\":\"SearchAction\",\"target\":{\"@type\":\"EntryPoint\",\"urlTemplate\":\"https:\\\/\\\/nubedian.de\\\/en\\\/?s={search_term_string}\"},\"query-input\":{\"@type\":\"PropertyValueSpecification\",\"valueRequired\":true,\"valueName\":\"search_term_string\"}}],\"inLanguage\":\"en-US\"}]}<\/script>\n<!-- \/ Yoast SEO plugin. -->","yoast_head_json":{"title":"CareCM Webinar Gesundheitskompass - nubedian GmbH","robots":{"index":"noindex","follow":"nofollow"},"og_locale":"en_US","og_type":"article","og_title":"CareCM Webinar Gesundheitskompass - nubedian GmbH","og_description":"Die Suche nach dem richtigen Versorgungsangebot, von der passenden Beratungsstelle bis zum Facharzt oder hin zu Pr\u00e4ventionskursen ist oft m\u00fchsam und un\u00fcbersichtlich. Um den Zugang f\u00fcr Ihre B\u00fcrgerinnen und B\u00fcrger zu entsprechenden Angeboten in Ihrer Kommune zu vereinfachen, stellen wir Ihnen heute ein neues, digitales Werkzeug, den GesundheitsKompass by nubedian [...]","og_url":"https:\/\/nubedian.de\/en\/event\/carecm-webinar-gesundheitskompass\/","og_site_name":"nubedian GmbH","article_publisher":"https:\/\/www.facebook.com\/nubedian","article_modified_time":"2026-04-28T09:40:37+00:00","og_image":[{"width":1200,"height":630,"url":"https:\/\/nubedian.de\/wp-content\/uploads\/2024\/11\/web_webinar_CareCM-1.png","type":"image\/png"}],"twitter_card":"summary_large_image","twitter_misc":{"Est. reading time":"1 minute"},"schema":{"@context":"https:\/\/schema.org","@graph":[{"@type":"WebPage","@id":"https:\/\/nubedian.de\/en\/event\/carecm-webinar-gesundheitskompass\/","url":"https:\/\/nubedian.de\/en\/event\/carecm-webinar-gesundheitskompass\/","name":"CareCM Webinar Gesundheitskompass - nubedian GmbH","isPartOf":{"@id":"https:\/\/nubedian.de\/en\/#website"},"primaryImageOfPage":{"@id":"https:\/\/nubedian.de\/en\/event\/carecm-webinar-gesundheitskompass\/#primaryimage"},"image":{"@id":"https:\/\/nubedian.de\/en\/event\/carecm-webinar-gesundheitskompass\/#primaryimage"},"thumbnailUrl":"https:\/\/nubedian.de\/wp-content\/uploads\/2024\/11\/web_webinar_CareCM-1.png","datePublished":"2026-04-28T08:53:35+00:00","dateModified":"2026-04-28T09:40:37+00:00","breadcrumb":{"@id":"https:\/\/nubedian.de\/en\/event\/carecm-webinar-gesundheitskompass\/#breadcrumb"},"inLanguage":"en-US","potentialAction":[{"@type":"ReadAction","target":["https:\/\/nubedian.de\/en\/event\/carecm-webinar-gesundheitskompass\/"]}]},{"@type":"ImageObject","inLanguage":"en-US","@id":"https:\/\/nubedian.de\/en\/event\/carecm-webinar-gesundheitskompass\/#primaryimage","url":"https:\/\/nubedian.de\/wp-content\/uploads\/2024\/11\/web_webinar_CareCM-1.png","contentUrl":"https:\/\/nubedian.de\/wp-content\/uploads\/2024\/11\/web_webinar_CareCM-1.png","width":1200,"height":630},{"@type":"BreadcrumbList","@id":"https:\/\/nubedian.de\/en\/event\/carecm-webinar-gesundheitskompass\/#breadcrumb","itemListElement":[{"@type":"ListItem","position":1,"name":"Home","item":"https:\/\/nubedian.de\/en\/"},{"@type":"ListItem","position":2,"name":"Veranstaltungen","item":"https:\/\/nubedian.de\/events\/"},{"@type":"ListItem","position":3,"name":"CareCM Webinar Gesundheitskompass"}]},{"@type":"WebSite","@id":"https:\/\/nubedian.de\/en\/#website","url":"https:\/\/nubedian.de\/en\/","name":"nubedian GmbH","description":"Ihr Softwarepartner f\u00fcr das Sozial- &amp; Gesundheitswesen","potentialAction":[{"@type":"SearchAction","target":{"@type":"EntryPoint","urlTemplate":"https:\/\/nubedian.de\/en\/?s={search_term_string}"},"query-input":{"@type":"PropertyValueSpecification","valueRequired":true,"valueName":"search_term_string"}}],"inLanguage":"en-US"}]}},"_links":{"self":[{"href":"https:\/\/nubedian.de\/en\/wp-json\/wp\/v2\/tribe_events\/82579","targetHints":{"allow":["GET"]}}],"collection":[{"href":"https:\/\/nubedian.de\/en\/wp-json\/wp\/v2\/tribe_events"}],"about":[{"href":"https:\/\/nubedian.de\/en\/wp-json\/wp\/v2\/types\/tribe_events"}],"author":[{"embeddable":true,"href":"https:\/\/nubedian.de\/en\/wp-json\/wp\/v2\/users\/12"}],"version-history":[{"count":3,"href":"https:\/\/nubedian.de\/en\/wp-json\/wp\/v2\/tribe_events\/82579\/revisions"}],"predecessor-version":[{"id":82593,"href":"https:\/\/nubedian.de\/en\/wp-json\/wp\/v2\/tribe_events\/82579\/revisions\/82593"}],"wp:featuredmedia":[{"embeddable":true,"href":"https:\/\/nubedian.de\/en\/wp-json\/wp\/v2\/media\/72911"}],"wp:attachment":[{"href":"https:\/\/nubedian.de\/en\/wp-json\/wp\/v2\/media?parent=82579"}],"wp:term":[{"taxonomy":"post_tag","embeddable":true,"href":"https:\/\/nubedian.de\/en\/wp-json\/wp\/v2\/tags?post=82579"},{"taxonomy":"tribe_events_cat","embeddable":true,"href":"https:\/\/nubedian.de\/en\/wp-json\/wp\/v2\/tribe_events_cat?post=82579"}],"curies":[{"name":"wp","href":"https:\/\/api.w.org\/{rel}","templated":true}]}}

<p style="font-weight: 400;">Die Suche nach dem richtigen Versorgungsangebot, von der passenden Beratungsstelle bis zum Facharzt oder hin zu Präventionskursen ist oft mühsam und unübersichtlich. Um den Zugang für Ihre Bürgerinnen und Bürger zu entsprechenden Angeboten in Ihrer Kommune zu vereinfachen, stellen wir Ihnen heute ein neues, digitales Werkzeug, den GesundheitsKompass by nubedian GmbH vor.</p>
<p style="font-weight: 400;">Dieses Tool ermöglicht es den Bürgerinnen und Bürgern von Ihrer eigenen Homepage aus über einen personalisierten Link, eigenständig, schnell und gezielt genau das Angebot zu finden, welches in der aktuellen Lebenssituation benötigt wird.</p>
<p style="font-weight: 400;">Wir laden Sie herzlich ein, die Funktionalität und den Nutzen in unserem heutigen Webinar kennenzulernen.</p>
<p style="font-weight: 400;">Dauer: ca. 30 Minuten</p>
<p><a style="text-decoration: none;" href="https://us06web.zoom.us/meeting/register/IfxOUBKPTEGBZhRa66EAsQ#/registration" target="_blank" rel="noopener noreferrer"><button style="background-color: #ff7500; border-radius: 30px; font-size: 15px; color: #ffffff; border: 0px; padding: 12px 49px; cursor: pointer;"><strong>ZUM CARECM WEBINAR ANMELDEN</strong></button></a></p>
<p>Bei Rückfragen wenden Sie sich gerne an Herrn Stahl per E-Mail unter <a href="mailto:ringhoffer@nubedian.de">stahl@nubedian.de</a>.</p>

<p>Die Suche nach dem richtigen Versorgungsangebot, von der passenden Beratungsstelle bis zum Facharzt oder hin zu Präventionskursen ist oft mühsam und unübersichtlich. Um den Zugang für Ihre Bürgerinnen und Bürger zu entsprechenden Angeboten in Ihrer Kommune zu vereinfachen, stellen wir Ihnen heute ein neues, digitales Werkzeug, den GesundheitsKompass by nubedian  [&#8230;]</p>

<!-- This site is optimized with the Yoast SEO plugin v27.4 - https://yoast.com/product/yoast-seo-wordpress/ -->
<title>CareCM Webinar Gesundheitskompass - nubedian GmbH</title>
<meta name="robots" content="noindex, nofollow" />
<meta property="og:locale" content="en_US" />
<meta property="og:type" content="article" />
<meta property="og:title" content="CareCM Webinar Gesundheitskompass - nubedian GmbH" />
<meta property="og:description" content="Die Suche nach dem richtigen Versorgungsangebot, von der passenden Beratungsstelle bis zum Facharzt oder hin zu Präventionskursen ist oft mühsam und unübersichtlich. Um den Zugang für Ihre Bürgerinnen und Bürger zu entsprechenden Angeboten in Ihrer Kommune zu vereinfachen, stellen wir Ihnen heute ein neues, digitales Werkzeug, den GesundheitsKompass by nubedian [...]" />
<meta property="og:url" content="https://nubedian.de/en/event/carecm-webinar-gesundheitskompass/" />
<meta property="og:site_name" content="nubedian GmbH" />
<meta property="article:publisher" content="https://www.facebook.com/nubedian" />
<meta property="article:modified_time" content="2026-04-28T09:40:37+00:00" />
<meta property="og:image" content="https://nubedian.de/wp-content/uploads/2024/11/web_webinar_CareCM-1.png" />
	<meta property="og:image:width" content="1200" />
	<meta property="og:image:height" content="630" />
	<meta property="og:image:type" content="image/png" />
<meta name="twitter:card" content="summary_large_image" />
<meta name="twitter:label1" content="Est. reading time" />
	<meta name="twitter:data1" content="1 minute" />
<script type="application/ld+json" class="yoast-schema-graph">{"@context":"https:\/\/schema.org","@graph":[{"@type":"WebPage","@id":"https:\/\/nubedian.de\/en\/event\/carecm-webinar-gesundheitskompass\/","url":"https:\/\/nubedian.de\/en\/event\/carecm-webinar-gesundheitskompass\/","name":"CareCM Webinar Gesundheitskompass - nubedian GmbH","isPartOf":{"@id":"https:\/\/nubedian.de\/en\/#website"},"primaryImageOfPage":{"@id":"https:\/\/nubedian.de\/en\/event\/carecm-webinar-gesundheitskompass\/#primaryimage"},"image":{"@id":"https:\/\/nubedian.de\/en\/event\/carecm-webinar-gesundheitskompass\/#primaryimage"},"thumbnailUrl":"https:\/\/nubedian.de\/wp-content\/uploads\/2024\/11\/web_webinar_CareCM-1.png","datePublished":"2026-04-28T08:53:35+00:00","dateModified":"2026-04-28T09:40:37+00:00","breadcrumb":{"@id":"https:\/\/nubedian.de\/en\/event\/carecm-webinar-gesundheitskompass\/#breadcrumb"},"inLanguage":"en-US","potentialAction":[{"@type":"ReadAction","target":["https:\/\/nubedian.de\/en\/event\/carecm-webinar-gesundheitskompass\/"]}]},{"@type":"ImageObject","inLanguage":"en-US","@id":"https:\/\/nubedian.de\/en\/event\/carecm-webinar-gesundheitskompass\/#primaryimage","url":"https:\/\/nubedian.de\/wp-content\/uploads\/2024\/11\/web_webinar_CareCM-1.png","contentUrl":"https:\/\/nubedian.de\/wp-content\/uploads\/2024\/11\/web_webinar_CareCM-1.png","width":1200,"height":630},{"@type":"BreadcrumbList","@id":"https:\/\/nubedian.de\/en\/event\/carecm-webinar-gesundheitskompass\/#breadcrumb","itemListElement":[{"@type":"ListItem","position":1,"name":"Home","item":"https:\/\/nubedian.de\/en\/"},{"@type":"ListItem","position":2,"name":"Veranstaltungen","item":"https:\/\/nubedian.de\/events\/"},{"@type":"ListItem","position":3,"name":"CareCM Webinar Gesundheitskompass"}]},{"@type":"WebSite","@id":"https:\/\/nubedian.de\/en\/#website","url":"https:\/\/nubedian.de\/en\/","name":"nubedian GmbH","description":"Ihr Softwarepartner für das Sozial- &amp; Gesundheitswesen","potentialAction":[{"@type":"SearchAction","target":{"@type":"EntryPoint","urlTemplate":"https:\/\/nubedian.de\/en\/?s={search_term_string}"},"query-input":{"@type":"PropertyValueSpecification","valueRequired":true,"valueName":"search_term_string"}}],"inLanguage":"en-US"}]}</script>
<!-- / Yoast SEO plugin. -->

Die Suche nach dem richtigen Versorgungsangebot, von der passenden Beratungsstelle bis zum Facharzt oder hin zu Präventionskursen ist oft mühsam und unübersichtlich. Um den Zugang für Ihre Bürgerinnen und Bürger zu entsprechenden Angeboten in Ihrer Kommune zu vereinfachen, stellen wir Ihnen heute ein neues, digitales Werkzeug, den GesundheitsKompass by nubedian [...]

Ihr Softwarepartner für das Sozial- &amp; Gesundheitswesen
